{"id":990,"date":"2023-07-17T03:41:51","date_gmt":"2023-07-17T03:41:51","guid":{"rendered":"https:\/\/maviponque.com.co\/?page_id=990"},"modified":"2023-08-04T05:32:00","modified_gmt":"2023-08-04T05:32:00","slug":"galleteria","status":"publish","type":"page","link":"https:\/\/maviponque.com.co\/index.php\/galleteria\/","title":{"rendered":"GALLETER\u00cdA"},"content":{"rendered":"\t\t<div data-elementor-type=\"wp-page\" data-elementor-id=\"990\" class=\"elementor elementor-990\">\n\t\t\t\t\t\t\t\t\t<section class=\"elementor-section elementor-top-section elementor-element elementor-element-fdebaf3 elementor-section-boxed elementor-section-height-default elementor-section-height-default\" data-id=\"fdebaf3\" data-element_type=\"section\">\n\t\t\t\t\t\t<div class=\"elementor-container elementor-column-gap-default\">\n\t\t\t\t\t<div class=\"aux-parallax-section elementor-column elementor-col-100 elementor-top-column elementor-element elementor-element-90e600f\" data-id=\"90e600f\" data-element_type=\"column\">\n\t\t\t<div class=\"elementor-widget-wrap elementor-element-populated\">\n\t\t\t\t\t\t\t\t\t<\/div>\n\t\t<\/div>\n\t\t\t\t\t\t\t<\/div>\n\t\t<\/section>\n\t\t\t\t<section class=\"elementor-section elementor-top-section elementor-element elementor-element-66ed056a elementor-section-boxed elementor-section-height-default elementor-section-height-default\" data-id=\"66ed056a\" data-element_type=\"section\">\n\t\t\t\t\t\t<div class=\"elementor-container elementor-column-gap-default\">\n\t\t\t\t\t<div class=\"aux-parallax-section elementor-column elementor-col-16 elementor-top-column elementor-element elementor-element-29b3f197\" data-id=\"29b3f197\" data-element_type=\"column\">\n\t\t\t<div class=\"elementor-widget-wrap\">\n\t\t\t\t\t\t\t\t\t<\/div>\n\t\t<\/div>\n\t\t\t\t<div class=\"aux-parallax-section elementor-column elementor-col-66 elementor-top-column elementor-element elementor-element-40e7e5b0\" data-id=\"40e7e5b0\" data-element_type=\"column\">\n\t\t\t<div class=\"elementor-widget-wrap elementor-element-populated\">\n\t\t\t\t\t\t\t\t<div class=\"elementor-element elementor-element-2039428 elementor-widget elementor-widget-heading\" data-id=\"2039428\" data-element_type=\"widget\" data-widget_type=\"heading.default\">\n\t\t\t\t<div class=\"elementor-widget-container\">\n\t\t\t<h2 class=\"elementor-heading-title elementor-size-default\">Nuestros Productos<\/h2>\t\t<\/div>\n\t\t\t\t<\/div>\n\t\t\t\t\t<\/div>\n\t\t<\/div>\n\t\t\t\t<div class=\"aux-parallax-section elementor-column elementor-col-16 elementor-top-column elementor-element elementor-element-62596332\" data-id=\"62596332\" data-element_type=\"column\">\n\t\t\t<div class=\"elementor-widget-wrap\">\n\t\t\t\t\t\t\t\t\t<\/div>\n\t\t<\/div>\n\t\t\t\t\t\t\t<\/div>\n\t\t<\/section>\n\t\t\t\t<section class=\"elementor-section elementor-top-section elementor-element elementor-element-539be066 elementor-section-boxed elementor-section-height-default elementor-section-height-default\" data-id=\"539be066\" data-element_type=\"section\">\n\t\t\t\t\t\t<div class=\"elementor-container elementor-column-gap-default\">\n\t\t\t\t\t<div class=\"aux-parallax-section elementor-column elementor-col-16 elementor-top-column elementor-element elementor-element-3497bfda\" data-id=\"3497bfda\" data-element_type=\"column\">\n\t\t\t<div class=\"elementor-widget-wrap\">\n\t\t\t\t\t\t\t\t\t<\/div>\n\t\t<\/div>\n\t\t\t\t<div class=\"aux-parallax-section elementor-column elementor-col-66 elementor-top-column elementor-element elementor-element-d03f7fb\" data-id=\"d03f7fb\" data-element_type=\"column\">\n\t\t\t<div class=\"elementor-widget-wrap elementor-element-populated\">\n\t\t\t\t\t\t\t\t<div class=\"elementor-element elementor-element-3e871fa2 elementor-widget elementor-widget-text-editor\" data-id=\"3e871fa2\" data-element_type=\"widget\" data-widget_type=\"text-editor.default\">\n\t\t\t\t<div class=\"elementor-widget-container\">\n\t\t\t\t\t\t\t<p style=\"text-align: center;\"><strong>\u00a1Bienvenido a la secci\u00f3n de galleter\u00eda de Maviponque!<\/strong><\/p><p style=\"text-align: center;\"><strong>Aqu\u00ed podr\u00e1s encontrar una selecci\u00f3n de productos artesanales hechos a mano con mucho sabor y amor. En nuestra galleter\u00eda, nos encargamos de seleccionar cuidadosamente cada uno de los ingredientes para ofrecerte un producto de alta calidad. Adem\u00e1s, nuestros procesos artesanales garantizan que cada galleta tenga su propio sabor y textura para que disfrutes al m\u00e1ximo de la experiencia de probar nuestros productos. \u00bfQu\u00e9 esperas para deleitarte con nuestras galletas?<\/strong><\/p>\t\t\t\t\t\t<\/div>\n\t\t\t\t<\/div>\n\t\t\t\t<div class=\"elementor-element elementor-element-6328600 elementor-invisible elementor-widget elementor-widget-accordion\" data-id=\"6328600\" data-element_type=\"widget\" data-settings=\"{&quot;_animation&quot;:&quot;fadeIn&quot;}\" data-widget_type=\"accordion.default\">\n\t\t\t\t<div class=\"elementor-widget-container\">\n\t\t\t\t\t<div class=\"elementor-accordion\">\n\t\t\t\t\t\t\t<div class=\"elementor-accordion-item\">\n\t\t\t\t\t<div id=\"elementor-tab-title-1031\" class=\"elementor-tab-title\" data-tab=\"1\" role=\"button\" aria-controls=\"elementor-tab-content-1031\" aria-expanded=\"false\">\n\t\t\t\t\t\t\t\t\t\t\t\t\t<span class=\"elementor-accordion-icon elementor-accordion-icon-left\" aria-hidden=\"true\">\n\t\t\t\t\t\t\t\t\t\t\t\t\t\t\t<span class=\"elementor-accordion-icon-closed\"><i class=\"fas fa-plus\"><\/i><\/span>\n\t\t\t\t\t\t\t\t<span class=\"elementor-accordion-icon-opened\"><i class=\"fas fa-minus\"><\/i><\/span>\n\t\t\t\t\t\t\t\t\t\t\t\t\t\t<\/span>\n\t\t\t\t\t\t\t\t\t\t\t\t<a class=\"elementor-accordion-title\" tabindex=\"0\">GALLETER\u00edA<\/a>\n\t\t\t\t\t<\/div>\n\t\t\t\t\t<div id=\"elementor-tab-content-1031\" class=\"elementor-tab-content elementor-clearfix\" data-tab=\"1\" role=\"region\" aria-labelledby=\"elementor-tab-title-1031\"><p>Galletas rizadas con sabor a maracuy\u00e1, caf\u00e9, yogurt, coco y chocolatina x 60 unidades<br \/>Galleta rizada combinada x 60 unidades<br \/>Galleta rizada tradicional x 60 unidades<br \/>Galleta con coco x 45 unidades<br \/>Galleta rizada bolsa x 60 unidades<br \/>Galleta polvorosa x 60 unidades<br \/>Galleta l\u00ednea x 12 unidades<br \/>Panderos x 35 unidades<\/p><\/div>\n\t\t\t\t<\/div>\n\t\t\t\t\t\t\t\t<\/div>\n\t\t\t\t<\/div>\n\t\t\t\t<\/div>\n\t\t\t\t\t<\/div>\n\t\t<\/div>\n\t\t\t\t<div class=\"aux-parallax-section elementor-column elementor-col-16 elementor-top-column elementor-element elementor-element-1dabd4a3\" data-id=\"1dabd4a3\" data-element_type=\"column\">\n\t\t\t<div class=\"elementor-widget-wrap\">\n\t\t\t\t\t\t\t\t\t<\/div>\n\t\t<\/div>\n\t\t\t\t\t\t\t<\/div>\n\t\t<\/section>\n\t\t\t\t<section class=\"elementor-section elementor-top-section elementor-element elementor-element-bd6cf62 elementor-section-boxed elementor-section-height-default elementor-section-height-default\" data-id=\"bd6cf62\" data-element_type=\"section\">\n\t\t\t\t\t\t<div class=\"elementor-container elementor-column-gap-default\">\n\t\t\t\t\t<div class=\"aux-parallax-section elementor-column elementor-col-20 elementor-top-column elementor-element elementor-element-8566a79\" data-id=\"8566a79\" data-element_type=\"column\">\n\t\t\t<div class=\"elementor-widget-wrap\">\n\t\t\t\t\t\t\t\t\t<\/div>\n\t\t<\/div>\n\t\t\t\t<div class=\"aux-parallax-section elementor-column elementor-col-20 elementor-top-column elementor-element elementor-element-28f1e74\" data-id=\"28f1e74\" data-element_type=\"column\">\n\t\t\t<div class=\"elementor-widget-wrap elementor-element-populated\">\n\t\t\t\t\t\t\t\t<div class=\"elementor-element elementor-element-e29f880 elementor-widget elementor-widget-image\" data-id=\"e29f880\" data-element_type=\"widget\" data-widget_type=\"image.default\">\n\t\t\t\t<div class=\"elementor-widget-container\">\n\t\t\t\t\t\t\t\t\t\t\t\t<figure class=\"wp-caption\">\n\t\t\t\t\t\t\t\t\t\t\t<a href=\"https:\/\/maviponque.com.co\/wp-content\/uploads\/2023\/08\/rizadas.png\" data-elementor-open-lightbox=\"yes\" data-elementor-lightbox-title=\"rizadas\" data-e-action-hash=\"#elementor-action%3Aaction%3Dlightbox%26settings%3DeyJpZCI6MTY5MywidXJsIjoiaHR0cHM6XC9cL21hdmlwb25xdWUuY29tLmNvXC93cC1jb250ZW50XC91cGxvYWRzXC8yMDIzXC8wOFwvcml6YWRhcy5wbmcifQ%3D%3D\">\n\t\t\t\t\t\t\t<img loading=\"lazy\" decoding=\"async\" width=\"1024\" height=\"920\" src=\"https:\/\/maviponque.com.co\/wp-content\/uploads\/2023\/08\/rizadas-1024x920.png\" class=\"attachment-large size-large wp-image-1693\" alt=\"\" \/>\t\t\t\t\t\t\t\t<\/a>\n\t\t\t\t\t\t\t\t\t\t\t<figcaption class=\"widget-image-caption wp-caption-text\">Galletas rizadas<\/figcaption>\n\t\t\t\t\t\t\t\t\t\t<\/figure>\n\t\t\t\t\t\t\t\t\t<\/div>\n\t\t\t\t<\/div>\n\t\t\t\t\t<\/div>\n\t\t<\/div>\n\t\t\t\t<div class=\"aux-parallax-section elementor-column elementor-col-20 elementor-top-column elementor-element elementor-element-9481a9b\" data-id=\"9481a9b\" data-element_type=\"column\">\n\t\t\t<div class=\"elementor-widget-wrap elementor-element-populated\">\n\t\t\t\t\t\t\t\t<div class=\"elementor-element elementor-element-055b586 elementor-widget elementor-widget-image\" data-id=\"055b586\" data-element_type=\"widget\" data-widget_type=\"image.default\">\n\t\t\t\t<div class=\"elementor-widget-container\">\n\t\t\t\t\t\t\t\t\t\t\t\t<figure class=\"wp-caption\">\n\t\t\t\t\t\t\t\t\t\t\t<a href=\"https:\/\/maviponque.com.co\/wp-content\/uploads\/2023\/08\/polvorosas.png\" data-elementor-open-lightbox=\"yes\" data-elementor-lightbox-title=\"polvorosas\" data-e-action-hash=\"#elementor-action%3Aaction%3Dlightbox%26settings%3DeyJpZCI6MTcwMywidXJsIjoiaHR0cHM6XC9cL21hdmlwb25xdWUuY29tLmNvXC93cC1jb250ZW50XC91cGxvYWRzXC8yMDIzXC8wOFwvcG9sdm9yb3Nhcy5wbmcifQ%3D%3D\">\n\t\t\t\t\t\t\t<img loading=\"lazy\" decoding=\"async\" width=\"946\" height=\"613\" src=\"https:\/\/maviponque.com.co\/wp-content\/uploads\/2023\/08\/polvorosas.png\" class=\"attachment-large size-large wp-image-1703\" alt=\"\" srcset=\"https:\/\/maviponque.com.co\/wp-content\/uploads\/2023\/08\/polvorosas.png 946w, https:\/\/maviponque.com.co\/wp-content\/uploads\/2023\/08\/polvorosas-280x180.png 280w\" sizes=\"auto, (max-width: 946px) 100vw, 946px\" \/>\t\t\t\t\t\t\t\t<\/a>\n\t\t\t\t\t\t\t\t\t\t\t<figcaption class=\"widget-image-caption wp-caption-text\">Galletas polvorosas<\/figcaption>\n\t\t\t\t\t\t\t\t\t\t<\/figure>\n\t\t\t\t\t\t\t\t\t<\/div>\n\t\t\t\t<\/div>\n\t\t\t\t\t<\/div>\n\t\t<\/div>\n\t\t\t\t<div class=\"aux-parallax-section elementor-column elementor-col-20 elementor-top-column elementor-element elementor-element-a78c7bd\" data-id=\"a78c7bd\" data-element_type=\"column\">\n\t\t\t<div class=\"elementor-widget-wrap elementor-element-populated\">\n\t\t\t\t\t\t\t\t<div class=\"elementor-element elementor-element-894f3dc elementor-widget elementor-widget-image\" data-id=\"894f3dc\" data-element_type=\"widget\" data-widget_type=\"image.default\">\n\t\t\t\t<div class=\"elementor-widget-container\">\n\t\t\t\t\t\t\t\t\t\t\t\t<figure class=\"wp-caption\">\n\t\t\t\t\t\t\t\t\t\t\t<a href=\"https:\/\/maviponque.com.co\/wp-content\/uploads\/2023\/08\/Galleta-con-coco.png\" data-elementor-open-lightbox=\"yes\" data-elementor-lightbox-title=\"Galleta con coco\" data-e-action-hash=\"#elementor-action%3Aaction%3Dlightbox%26settings%3DeyJpZCI6MTcwNywidXJsIjoiaHR0cHM6XC9cL21hdmlwb25xdWUuY29tLmNvXC93cC1jb250ZW50XC91cGxvYWRzXC8yMDIzXC8wOFwvR2FsbGV0YS1jb24tY29jby5wbmcifQ%3D%3D\">\n\t\t\t\t\t\t\t<img loading=\"lazy\" decoding=\"async\" width=\"946\" height=\"613\" src=\"https:\/\/maviponque.com.co\/wp-content\/uploads\/2023\/08\/Galleta-con-coco.png\" class=\"attachment-large size-large wp-image-1707\" alt=\"\" srcset=\"https:\/\/maviponque.com.co\/wp-content\/uploads\/2023\/08\/Galleta-con-coco.png 946w, https:\/\/maviponque.com.co\/wp-content\/uploads\/2023\/08\/Galleta-con-coco-280x180.png 280w\" sizes=\"auto, (max-width: 946px) 100vw, 946px\" \/>\t\t\t\t\t\t\t\t<\/a>\n\t\t\t\t\t\t\t\t\t\t\t<figcaption class=\"widget-image-caption wp-caption-text\">Galleta con coco<\/figcaption>\n\t\t\t\t\t\t\t\t\t\t<\/figure>\n\t\t\t\t\t\t\t\t\t<\/div>\n\t\t\t\t<\/div>\n\t\t\t\t\t<\/div>\n\t\t<\/div>\n\t\t\t\t<div class=\"aux-parallax-section elementor-column elementor-col-20 elementor-top-column elementor-element elementor-element-21f34be\" data-id=\"21f34be\" data-element_type=\"column\">\n\t\t\t<div class=\"elementor-widget-wrap\">\n\t\t\t\t\t\t\t\t\t<\/div>\n\t\t<\/div>\n\t\t\t\t\t\t\t<\/div>\n\t\t<\/section>\n\t\t\t\t<section class=\"elementor-section elementor-top-section elementor-element elementor-element-e8fc2b1 elementor-section-boxed elementor-section-height-default elementor-section-height-default\" data-id=\"e8fc2b1\" data-element_type=\"section\">\n\t\t\t\t\t\t<div class=\"elementor-container elementor-column-gap-default\">\n\t\t\t\t\t<div class=\"aux-parallax-section elementor-column elementor-col-20 elementor-top-column elementor-element elementor-element-d61ce26\" data-id=\"d61ce26\" data-element_type=\"column\">\n\t\t\t<div class=\"elementor-widget-wrap\">\n\t\t\t\t\t\t\t\t\t<\/div>\n\t\t<\/div>\n\t\t\t\t<div class=\"aux-parallax-section elementor-column elementor-col-20 elementor-top-column elementor-element elementor-element-79d6651\" data-id=\"79d6651\" data-element_type=\"column\">\n\t\t\t<div class=\"elementor-widget-wrap elementor-element-populated\">\n\t\t\t\t\t\t\t\t<div class=\"elementor-element elementor-element-0d1f1d3 elementor-widget elementor-widget-image\" data-id=\"0d1f1d3\" data-element_type=\"widget\" data-widget_type=\"image.default\">\n\t\t\t\t<div class=\"elementor-widget-container\">\n\t\t\t\t\t\t\t\t\t\t\t\t<figure class=\"wp-caption\">\n\t\t\t\t\t\t\t\t\t\t\t<a href=\"https:\/\/maviponque.com.co\/wp-content\/uploads\/2023\/08\/Galleta-linea.png\" data-elementor-open-lightbox=\"yes\" data-elementor-lightbox-title=\"Galleta l\u00ednea\" data-e-action-hash=\"#elementor-action%3Aaction%3Dlightbox%26settings%3DeyJpZCI6MTcxMSwidXJsIjoiaHR0cHM6XC9cL21hdmlwb25xdWUuY29tLmNvXC93cC1jb250ZW50XC91cGxvYWRzXC8yMDIzXC8wOFwvR2FsbGV0YS1saW5lYS5wbmcifQ%3D%3D\">\n\t\t\t\t\t\t\t<img loading=\"lazy\" decoding=\"async\" width=\"946\" height=\"613\" src=\"https:\/\/maviponque.com.co\/wp-content\/uploads\/2023\/08\/Galleta-linea.png\" class=\"attachment-large size-large wp-image-1711\" alt=\"\" srcset=\"https:\/\/maviponque.com.co\/wp-content\/uploads\/2023\/08\/Galleta-linea.png 946w, https:\/\/maviponque.com.co\/wp-content\/uploads\/2023\/08\/Galleta-linea-280x180.png 280w\" sizes=\"auto, (max-width: 946px) 100vw, 946px\" \/>\t\t\t\t\t\t\t\t<\/a>\n\t\t\t\t\t\t\t\t\t\t\t<figcaption class=\"widget-image-caption wp-caption-text\">Galleta l\u00ednea<\/figcaption>\n\t\t\t\t\t\t\t\t\t\t<\/figure>\n\t\t\t\t\t\t\t\t\t<\/div>\n\t\t\t\t<\/div>\n\t\t\t\t\t<\/div>\n\t\t<\/div>\n\t\t\t\t<div class=\"aux-parallax-section elementor-column elementor-col-20 elementor-top-column elementor-element elementor-element-00ff8fe\" data-id=\"00ff8fe\" data-element_type=\"column\">\n\t\t\t<div class=\"elementor-widget-wrap\">\n\t\t\t\t\t\t\t\t\t<\/div>\n\t\t<\/div>\n\t\t\t\t<div class=\"aux-parallax-section elementor-column elementor-col-20 elementor-top-column elementor-element elementor-element-65b074f\" data-id=\"65b074f\" data-element_type=\"column\">\n\t\t\t<div class=\"elementor-widget-wrap\">\n\t\t\t\t\t\t\t\t\t<\/div>\n\t\t<\/div>\n\t\t\t\t<div class=\"aux-parallax-section elementor-column elementor-col-20 elementor-top-column elementor-element elementor-element-605b2bf\" data-id=\"605b2bf\" data-element_type=\"column\">\n\t\t\t<div class=\"elementor-widget-wrap\">\n\t\t\t\t\t\t\t\t\t<\/div>\n\t\t<\/div>\n\t\t\t\t\t\t\t<\/div>\n\t\t<\/section>\n\t\t\t\t\t\t\t<\/div>\n\t\t","protected":false},"excerpt":{"rendered":"<p>Nuestros Productos \u00a1Bienvenido a la secci\u00f3n de galleter\u00eda de Maviponque! Aqu\u00ed podr\u00e1s encontrar una selecci\u00f3n de productos artesanales hechos a mano con mucho sabor y amor. En nuestra galleter\u00eda, nos encargamos de seleccionar cuidadosamente cada uno de los ingredientes para ofrecerte un producto de alta calidad. Adem\u00e1s, nuestros procesos artesanales garantizan que cada galleta tenga [&hellip;]<\/p>\n","protected":false},"author":1,"featured_media":0,"parent":0,"menu_order":0,"comment_status":"closed","ping_status":"closed","template":"","meta":{"_eb_attr":"","footnotes":""},"class_list":["post-990","page","type-page","status-publish","hentry"],"_links":{"self":[{"href":"https:\/\/maviponque.com.co\/index.php\/wp-json\/wp\/v2\/pages\/990","targetHints":{"allow":["GET"]}}],"collection":[{"href":"https:\/\/maviponque.com.co\/index.php\/wp-json\/wp\/v2\/pages"}],"about":[{"href":"https:\/\/maviponque.com.co\/index.php\/wp-json\/wp\/v2\/types\/page"}],"author":[{"embeddable":true,"href":"https:\/\/maviponque.com.co\/index.php\/wp-json\/wp\/v2\/users\/1"}],"replies":[{"embeddable":true,"href":"https:\/\/maviponque.com.co\/index.php\/wp-json\/wp\/v2\/comments?post=990"}],"version-history":[{"count":73,"href":"https:\/\/maviponque.com.co\/index.php\/wp-json\/wp\/v2\/pages\/990\/revisions"}],"predecessor-version":[{"id":1714,"href":"https:\/\/maviponque.com.co\/index.php\/wp-json\/wp\/v2\/pages\/990\/revisions\/1714"}],"wp:attachment":[{"href":"https:\/\/maviponque.com.co\/index.php\/wp-json\/wp\/v2\/media?parent=990"}],"curies":[{"name":"wp","href":"https:\/\/api.w.org\/{rel}","templated":true}]}}